{"id":3269,"date":"2015-11-19T12:15:58","date_gmt":"2015-11-19T12:15:58","guid":{"rendered":"http:\/\/escoladapraia.com.br\/?page_id=3269"},"modified":"2026-03-19T19:19:03","modified_gmt":"2026-03-19T19:19:03","slug":"home","status":"publish","type":"page","link":"https:\/\/escoladapraia.com.br\/site\/","title":{"rendered":"Home"},"content":{"rendered":"<p>[vc_row css_animation=&#8221;&#8221; row_type=&#8221;row&#8221; use_row_as_full_screen_section=&#8221;no&#8221; type=&#8221;full_width&#8221; angled_section=&#8221;no&#8221; text_align=&#8221;left&#8221; background_image_as_pattern=&#8221;without_pattern&#8221; section=&#8221;yes&#8221; background=&#8221;primary&#8221; parallax_bg_width=&#8221;110&#8243; full_height=&#8221;yes&#8221;][vc_column][rev_slider_vc alias=&#8221;1&#8243;][\/vc_column][\/vc_row][vc_row css_animation=&#8221;&#8221; row_type=&#8221;row&#8221; use_row_as_full_screen_section=&#8221;no&#8221; type=&#8221;full_width&#8221; angled_section=&#8221;no&#8221; text_align=&#8221;left&#8221; background_image_as_pattern=&#8221;without_pattern&#8221; section=&#8221;yes&#8221; parallax_bg_width=&#8221;110&#8243; full_height=&#8221;yes&#8221;][vc_column][vc_empty_space css=&#8221;.vc_custom_1773945725153{background-color: #1e73be !important;}&#8221;][\/vc_column][\/vc_row][vc_row css_animation=&#8221;&#8221; row_type=&#8221;row&#8221; use_row_as_full_screen_section=&#8221;no&#8221; type=&#8221;grid&#8221; angled_section=&#8221;no&#8221; text_align=&#8221;left&#8221; background_image_as_pattern=&#8221;without_pattern&#8221; section=&#8221;yes&#8221; background=&#8221;alternate&#8221; css=&#8221;.vc_custom_1703015660336{padding-top: 60px !important;padding-bottom: 60px !important;background-color: #28407d !important;}&#8221; z_index=&#8221;&#8221;][vc_column width=&#8221;2\/3&#8243;][vc_column_text]<\/p>\n<h2><span style=\"color: #ffffff;\">A Escola da Praia agora \u00e9 Tecmix<\/span><\/h2>\n<h2><\/h2>\n<p>[\/vc_column_text][\/vc_column][vc_column width=&#8221;1\/3&#8243;]<a  itemprop=\"url\" href=\"https:\/\/tecmixbrasil.com.br\/\" target=\"_blank\" data-hover-background-color='#1e73be' data-hover-border-color='#1e73be' data-hover-color='#ffffff' class=\"qbutton  default\" style=\"color: #0a0a0a; border-color: #ffffff; background-color: #ffffff;\">Conhe\u00e7a Nosso Site<\/a>[\/vc_column][\/vc_row][vc_row css_animation=&#8221;&#8221; row_type=&#8221;row&#8221; use_row_as_full_screen_section=&#8221;no&#8221; type=&#8221;grid&#8221; angled_section=&#8221;no&#8221; text_align=&#8221;left&#8221; background_image_as_pattern=&#8221;without_pattern&#8221; section=&#8221;yes&#8221; background=&#8221;primary&#8221; img=&#8221;3341&#8243; bg_fade=&#8221;black_50&#8243; parallax_bg_width=&#8221;110&#8243; parallax=&#8221;vertical&#8221; overlay=&#8221;black_50&#8243; css=&#8221;.vc_custom_1703015884625{padding-top: 40px !important;padding-bottom: 50px !important;}&#8221; z_index=&#8221;&#8221;][vc_column width=&#8221;2\/3&#8243;][vc_column_text]<span style=\"color: #000000;\">O Ensino de Jovens e Adultos (EJA) da Escola da Praia \u00e9 oferecido na modalidade EAD (ensino \u00e0 dist\u00e2ncia), com o conte\u00fado disponibilizado em uma plataforma digital chamada Ambiente Virtual de Aprendizagem \u2013 AVA. Esse curso conta com o acompanhamento de professores e tutores capacitados.<\/span><\/p>\n<p>&nbsp;<\/p>\n<p><span style=\"color: #000000;\">Com o Curso EJA da Escola da Praia, os Jovens e Adultos t\u00eam a possibilidade de acessar uma plataforma digital interativa e com conte\u00fado atualizado pela internet, em qualquer lugar e hor\u00e1rio. Essa abordagem de estudo \u00e9 uma alternativa que atende \u00e0s demandas da sociedade contempor\u00e2nea, em um mundo cada vez mais conectado.<\/span><\/p>\n<p>&nbsp;<\/p>\n<p><span style=\"color: #000000;\">Esta \u00e9 uma oportunidade para os Jovens e Adultos que ainda n\u00e3o conclu\u00edram o Ensino M\u00e9dio e desejam finalizar o Ensino B\u00e1sico, visando obter melhores oportunidades de trabalho e realizar o sonho de ingressar em um Curso Superior.<\/span>[\/vc_column_text][\/vc_column][vc_column width=&#8221;1\/3&#8243;][vc_column_text]<\/p>\n<p style=\"text-align: center;\"><a href=\"http:\/\/escoladapraia.com.br\/site\/wp-content\/uploads\/2023\/12\/F28122.png\"><img loading=\"lazy\" decoding=\"async\" class=\"alignnone wp-image-3712 size-medium\" src=\"http:\/\/escoladapraia.com.br\/site\/wp-content\/uploads\/2023\/12\/F28122-200x300.png\" alt=\"\" width=\"200\" height=\"300\" srcset=\"https:\/\/escoladapraia.com.br\/site\/wp-content\/uploads\/2023\/12\/F28122-200x300.png 200w, https:\/\/escoladapraia.com.br\/site\/wp-content\/uploads\/2023\/12\/F28122.png 600w\" sizes=\"(max-width: 200px) 100vw, 200px\" \/><\/a><\/p>\n<p>[\/vc_column_text][\/vc_column][\/vc_row]<\/p>\n","protected":false},"excerpt":{"rendered":"<p>[vc_row css_animation=&#8221;&#8221; row_type=&#8221;row&#8221; use_row_as_full_screen_section=&#8221;no&#8221; type=&#8221;full_width&#8221; angled_section=&#8221;no&#8221; text_align=&#8221;left&#8221; background_image_as_pattern=&#8221;without_pattern&#8221; section=&#8221;yes&#8221; background=&#8221;primary&#8221; parallax_bg_width=&#8221;110&#8243; full_height=&#8221;yes&#8221;][vc_column][rev_slider_vc alias=&#8221;1&#8243;][\/vc_column][\/vc_row][vc_row css_animation=&#8221;&#8221; row_type=&#8221;row&#8221; use_row_as_full_screen_section=&#8221;no&#8221; type=&#8221;full_width&#8221; angled_section=&#8221;no&#8221; text_align=&#8221;left&#8221; background_image_as_pattern=&#8221;without_pattern&#8221; section=&#8221;yes&#8221; parallax_bg_width=&#8221;110&#8243; full_height=&#8221;yes&#8221;][vc_column][vc_empty_space css=&#8221;.vc_custom_1773945725153{background-color: #1e73be !important;}&#8221;][\/vc_column][\/vc_row][vc_row css_animation=&#8221;&#8221; row_type=&#8221;row&#8221; use_row_as_full_screen_section=&#8221;no&#8221; type=&#8221;grid&#8221; angled_section=&#8221;no&#8221; text_align=&#8221;left&#8221; background_image_as_pattern=&#8221;without_pattern&#8221; section=&#8221;yes&#8221; background=&#8221;alternate&#8221; css=&#8221;.vc_custom_1703015660336{padding-top: 60px !important;padding-bottom: 60px !important;background-color: #28407d !important;}&#8221; z_index=&#8221;&#8221;][vc_column width=&#8221;2\/3&#8243;][vc_column_text] A&#8230;<\/p>\n","protected":false},"author":3,"featured_media":0,"parent":0,"menu_order":0,"comment_status":"closed","ping_status":"closed","template":"full_width.php","meta":{"footnotes":""},"_links":{"self":[{"href":"https:\/\/escoladapraia.com.br\/site\/wp-json\/wp\/v2\/pages\/3269"}],"collection":[{"href":"https:\/\/escoladapraia.com.br\/site\/wp-json\/wp\/v2\/pages"}],"about":[{"href":"https:\/\/escoladapraia.com.br\/site\/wp-json\/wp\/v2\/types\/page"}],"author":[{"embeddable":true,"href":"https:\/\/escoladapraia.com.br\/site\/wp-json\/wp\/v2\/users\/3"}],"replies":[{"embeddable":true,"href":"https:\/\/escoladapraia.com.br\/site\/wp-json\/wp\/v2\/comments?post=3269"}],"version-history":[{"count":102,"href":"https:\/\/escoladapraia.com.br\/site\/wp-json\/wp\/v2\/pages\/3269\/revisions"}],"predecessor-version":[{"id":3781,"href":"https:\/\/escoladapraia.com.br\/site\/wp-json\/wp\/v2\/pages\/3269\/revisions\/3781"}],"wp:attachment":[{"href":"https:\/\/escoladapraia.com.br\/site\/wp-json\/wp\/v2\/media?parent=3269"}],"curies":[{"name":"wp","href":"https:\/\/api.w.org\/{rel}","templated":true}]}}