{"id":3274,"date":"2015-11-19T12:55:32","date_gmt":"2015-11-19T12:55:32","guid":{"rendered":"http:\/\/escoladapraia.com.br\/?page_id=3274"},"modified":"2023-12-19T20:33:50","modified_gmt":"2023-12-19T20:33:50","slug":"eja","status":"publish","type":"page","link":"https:\/\/escoladapraia.com.br\/site\/eja\/","title":{"rendered":"Ensino &#8211; EJA"},"content":{"rendered":"<p>[vc_row css_animation=&#8221;&#8221; row_type=&#8221;row&#8221; use_row_as_full_screen_section=&#8221;no&#8221; type=&#8221;grid&#8221; angled_section=&#8221;no&#8221; text_align=&#8221;left&#8221; background_image_as_pattern=&#8221;without_pattern&#8221; z_index=&#8221;&#8221;][vc_column width=&#8221;2\/3&#8243;][vc_empty_space height=&#8221;42px&#8221;][vc_column_text]<span style=\"color: #000000;\">O Ensino de Jovens e Adultos (EJA) da Escola da Praia \u00e9 oferecido na modalidade EAD (ensino \u00e0 dist\u00e2ncia), com o conte\u00fado disponibilizado em uma plataforma digital chamada Ambiente Virtual de Aprendizagem \u2013 AVA. Esse curso conta com o acompanhamento de professores e tutores capacitados.<\/span><\/p>\n<p>&nbsp;<\/p>\n<p><span style=\"color: #000000;\">Com o Curso EJA da Escola da Praia, os Jovens e Adultos t\u00eam a possibilidade de acessar uma plataforma digital interativa e com conte\u00fado atualizado pela internet, em qualquer lugar e hor\u00e1rio. Essa abordagem de estudo \u00e9 uma alternativa que atende \u00e0s demandas da sociedade contempor\u00e2nea, em um mundo cada vez mais conectado.<\/span><\/p>\n<p>&nbsp;<\/p>\n<p><span style=\"color: #000000;\">Esta \u00e9 uma oportunidade para os Jovens e Adultos que ainda n\u00e3o conclu\u00edram o Ensino M\u00e9dio e desejam finalizar o Ensino B\u00e1sico, visando obter melhores oportunidades de trabalho e realizar o sonho de ingressar em um Curso Superior.<\/span><\/p>\n<p>&nbsp;<\/p>\n<p><span style=\"color: #000000;\">As vagas est\u00e3o abertas para as s\u00e9ries do Ensino M\u00e9dio e para aqueles com 18 anos ou mais.<\/span><\/p>\n<p>&nbsp;<\/p>\n<p><span style=\"color: #000000;\"><strong>N\u00e3o adie seus estudos, conclua sua forma\u00e7\u00e3o com a Escola da Praia!<\/strong><\/span>[\/vc_column_text][vc_empty_space height=&#8221;42px&#8221;][\/vc_column][vc_column width=&#8221;1\/3&#8243;][vc_column_text]<a href=\"http:\/\/escoladapraia.com.br\/site\/wp-content\/uploads\/2023\/12\/F28122-1.png\"><img loading=\"lazy\" decoding=\"async\" class=\"alignnone wp-image-3734\" src=\"http:\/\/escoladapraia.com.br\/site\/wp-content\/uploads\/2023\/12\/F28122-1-200x300.png\" alt=\"\" width=\"300\" height=\"450\" srcset=\"https:\/\/escoladapraia.com.br\/site\/wp-content\/uploads\/2023\/12\/F28122-1-200x300.png 200w, https:\/\/escoladapraia.com.br\/site\/wp-content\/uploads\/2023\/12\/F28122-1.png 600w\" sizes=\"(max-width: 300px) 100vw, 300px\" \/><\/a>[\/vc_column_text][\/vc_column][\/vc_row]<\/p>\n","protected":false},"excerpt":{"rendered":"<p>[vc_row css_animation=&#8221;&#8221; row_type=&#8221;row&#8221; use_row_as_full_screen_section=&#8221;no&#8221; type=&#8221;grid&#8221; angled_section=&#8221;no&#8221; text_align=&#8221;left&#8221; background_image_as_pattern=&#8221;without_pattern&#8221; z_index=&#8221;&#8221;][vc_column width=&#8221;2\/3&#8243;][vc_empty_space height=&#8221;42px&#8221;][vc_column_text]O Ensino de Jovens e Adultos (EJA) da Escola da Praia \u00e9 oferecido na modalidade EAD (ensino \u00e0 dist\u00e2ncia), com o conte\u00fado disponibilizado em uma plataforma digital chamada Ambiente Virtual de Aprendizagem \u2013 AVA. Esse&#8230;<\/p>\n","protected":false},"author":3,"featured_media":0,"parent":0,"menu_order":0,"comment_status":"closed","ping_status":"closed","template":"full_width.php","meta":{"footnotes":""},"_links":{"self":[{"href":"https:\/\/escoladapraia.com.br\/site\/wp-json\/wp\/v2\/pages\/3274"}],"collection":[{"href":"https:\/\/escoladapraia.com.br\/site\/wp-json\/wp\/v2\/pages"}],"about":[{"href":"https:\/\/escoladapraia.com.br\/site\/wp-json\/wp\/v2\/types\/page"}],"author":[{"embeddable":true,"href":"https:\/\/escoladapraia.com.br\/site\/wp-json\/wp\/v2\/users\/3"}],"replies":[{"embeddable":true,"href":"https:\/\/escoladapraia.com.br\/site\/wp-json\/wp\/v2\/comments?post=3274"}],"version-history":[{"count":32,"href":"https:\/\/escoladapraia.com.br\/site\/wp-json\/wp\/v2\/pages\/3274\/revisions"}],"predecessor-version":[{"id":3735,"href":"https:\/\/escoladapraia.com.br\/site\/wp-json\/wp\/v2\/pages\/3274\/revisions\/3735"}],"wp:attachment":[{"href":"https:\/\/escoladapraia.com.br\/site\/wp-json\/wp\/v2\/media?parent=3274"}],"curies":[{"name":"wp","href":"https:\/\/api.w.org\/{rel}","templated":true}]}}